2 - 2)?
-2
Evaluate 3 + (-6 - (-1 + -1)) + 5.
4
What is the value of 1 + -7 + (2 - -2)?
-2
What is -4 - (4 + -5 + 1 - 2)?
-2
Calculate (0 - (-10 - (2 + -6))) + -8.
-2
Evaluate (-2 - -1) + (30 - 25).
4
What is the value of -1 + 1 + -5 + 0?
-5
What is the value of -4 + 21 + (1 - 9) + -10?
-1
Calculate 1 + 11 + (-7 - -1).
6
Evaluate (2 - 0 - -2) + -3 + -4.
-3
What is the value of 2 + (6 - 2 - 1)?
5
What is 3 + -2 + (9 - 3) + -8?
-1
What is the value of 2 + 5 + -9 + 0?
-2
Evaluate 11 - (-5 - -1 - -11).
4
-104 - -124 - (-1 - -11)
10
What is the value of (3 - ((0 - -2) + -1)) + -5?
-3
What is the value of (5 - 19) + (-21 - -29)?
-6
What is 3 - (-2 - (-1 - 2))?
2
Evaluate -3 + 5 + (3 - 5) + -1.
-1
What is 0 + 1 + 1 - (16 - 12)?
-2
Calculate 8 + (-16 + 2 - -2).
-4
What is the value of -1 - 1 - (-3 + 3 + -1)?
-1
Evaluate -18 + 17 + (2 - (1 + 0)).
0
What is -37 + 29 - (-2 - 0 - 1)?
-5
What is (0 - 1) + (4 + -2 - 2)?
-1
Evaluate (3 - (-5 + 6) - 2) + 4.
4
Calculate -3 - 1 - (2 + -2) - -1.
-3
What is 8 - (5 + (3 - 2) + -3)?
5
What is 3 + (-6 + 2 - (0 + -3))?
2
1 - (-5 - -3) - (-1 - 1)
5
What is (-1 - -5 - 0) + (19 - 22)?
1
Evaluate (1 + -1 - (-26 + 22)) + -4.
0
Calculate 8 + 3 - (24 - 16).
3
Calculate 0 - (0 + -1) - (14 - 18).
5
What is 8 + (5 - (11 + -2))?
4
Evaluate 0 + (-5 - (-4 - -1)) + -1.
-3
Evaluate -10 + (1 + -9 - -12).
-6
-6 + (5 - -1) + (35 - 34)
1
(-5 - 0) + 9 + (-9 - 0)
-5
What is -8 - (-6 - (-1 - -1))?
-2
What is the value of -4 + 1 + -2 + 5?
0
What is -16 + 21 - (5 + 5)?
-5
What is 0 - (2 + 2) - (-3 + 4)?
-5
What is the value of (5 + -9 - (-7 + 3)) + 5?
5
What is the value of -4 + (7 + -3 - -1)?
1
Calculate 3 + -6 + 4 + 2.
3
What is (8 - ((9 - 4) + -1)) + 0?
4
Calculate -3 - -4 - (3 + -7 - -3).
2
-1 - (-5 + 3 - -8)
-7
3 - (3 + -3 + 2 + 3)
-2
What is 14 - (19 + (-8 - 5))?
8
Evaluate -18 + (-2 + -3 - -12) + 6.
-5
Calculate (-3 - (0 + -5)) + 0.
2
What is the value of 13 - (11 + -1 - -7)?
-4
Calculate 4 + 4 + 3 + -4.
7
Evaluate -6 - ((6 - -2) + -2 - 6).
-6
What is -9 + -4 + 7 + 5?
-1
-3 + (6 - (-7 - -20))
-10
What is 20 + -25 - (-1 + -4)?
0
Calculate -1 - (1 - 6) - (39 + -29).
-6
Evaluate 0 + 11 - (26 - 17).
2
Calculate -1 + 5 + (16 - (-5 + 20)).
5
What is 1 + (-6 - (6 - 11))?
0
Calculate (8 - (0 - -6)) + -8.
-6
What is the value of 5 + -8 + (0 + -1 - 0)?
-4
107 + -105 + (7 - 1)
8
What is -16 + 24 - 12 - (-1 - 9)?
6
Calculate (4 - 4) + (2 - 0).
2
What is the value of (-11 + 7 - 6) + 5?
-5
-4 + (9 - 12) + -1
-8
Evaluate (-2 - (-2 + 5)) + 6.
1
2 + 2 - (-8 - -12)
0
What is -1 - 4 - (1 - 1)?
-5
What is the value of -14 + 5 - (-13 + 4)?
0
Evaluate -1 + 4 + 2 + -1 - 4.
0
-3 + 0 + 2 + -11 + 19
7
What is 10 - (0 + 3) - 2?
5
4 + 0 + -2 + 5 + -4
3
Evaluate (7 - (-5 - -4)) + (-10 - -9).
7
Evaluate 11 + 1 + -11 + 6.
7
What is -2 - -1 - (16 + -14 + 3)?
-6
What is the value of -67 + 58 + 12 + -2?
1
What is -2 - (1 + (4 - 5) + -3)?
1
What is the value of 2 + (0 - 1 - 2)?
-1
Calculate (-9 - -2) + 0 - -1.
-6
Calculate -2 - (-8 + 4 - 0).
2
Evaluate (13 - 12) + 0 + -1.
0
What is (3 - (3 - 3)) + -4?
-1
What is (1 - 6 - -6) + -2 + -4?
-5
What is 0 - (-5 - 4 - -9)?
0
What is the value of 4 + -5 + 10 - 14?
-5
Calculate -2 - (0 + 1) - -2 - -5.
4
What is the value of (1 - 2) + 58 + -54?
3
What is the value of -6 + (0 - (1 - 4))?
-3
What is -6 - (0 + -2) - (-21 + 16)?
1
-3 + 2 + 2 - (8 - 2)
-5
Calculate 14 + -8 + -8 + 7.
5
What is the value of 0 + (-1 + 0 - (-14 - -13))?
0
Evaluate 3 - (1 - -1) - -3.
4
-11 + 12 - (0 - 6)
7
What is the value of 12 + (-9 - (-6 + 9))?
0
Evaluate -5 + 10 + -8 + -3 - -10.
4
3 - (6 + (-11 - -6))
2
What is the value of (-7 - -13) + -7 + (0 - 1)?
-2
What is 4 + -5 + 2 - (-1 - -4)?
-2
Calculate (2 - -3 - 14) + 4.
-5
(-9 - (2 + -4)) + 4
-3
What is the value of 26 + -23 - (0 + 9) - -4?
-2
What is the value of (0 - (5 + -5)) + (-4 - 0)?
-4
2 + 0 + -6 + -1
-5
1 + 1 - (-12 - -18)
-4
Evaluate (-3 - -4 - -1) + (0 - -1).
3
What is the value of -4 + 9 + (2 + 4 - 10)?
1
What is the value of -10 + 12 - (-2 - -8)?
-4
(1 - (5 + -1) - -5) + -4
-2
What is the value of -5 + (0 - 1) + -27 + 29?
-4
Calculate (6 - -1) + (34 - 41).
0
What is -5 + (-1 - 1) - -11?
4
Evaluate -12 - ((4 - -3) + -7 - 3).
-9
What is -8 + (6 - 3) - -5 - -1?
1
What is the value of -9 - (-2 + -4 - -1)?
-4
Calculate -1 + 8 + -4 - (-2 + 1).
4
Calculate 0 + 7 + -4 + -3.
0
What is 3 + -1 - (9 + -5)?
-2
Calculate (6 - 5) + 3 + -10.
-6
Calculate 3 - (8 - 1) - (-2 - 7).
5
What is the value of (-32 - -30) + (-2 - 1) + 0?
-5
(-2 - 1 - 0) + -2 + 3
-2
Evaluate 6 - 6 - (-1 - -2 - 5).
4
What is 4 - (5 + (-10 - -5))?
4
Evaluate -7 - (2 + -3 - 2).
-4
Calculate 4 - (10 - 7 - (-1 - -4)).
4
What is the value of (4 - (0 + -4 + 5)) + -4?
-1
What is the value of -9 + 10 - (1 + -1 + -6)?
7
Calculate -1 - -3 - (35 - 39).
6
What is 0 + (4 - (7 + 3)) + 4?
-2
What is (10 - 4) + 21 + -30?
-3
Calculate 3 + (3 - 7 - 0) + 5.
4
Calculate 1 - (-2 + -1 + 2).
2
What is the value of 1 + (-1 - (-7 - -2 - -2))?
3
6 - (13 + (-3 + -3 - -1))
-2
What is 1 + (5 - 8) + 0 + 1?
-1
What is (7 - -1) + -5 - (-1 - 1)?
5
0 - (6 + (-1 - 0))
-5
What is the value of -1 + -2 + 6 + -5 - -4?
2
What is the value of (4 - -3) + -2 + -1?
4
Calculate -3 - (3 + -2) - (-5 - -2).
-1
Calculate -1 - ((-2 - 1) + 0 - -5).
-3
What is the value of 0 + -7 + 10 + 9 + -7?
5
Calculate 0 + (0 - (1 - 3)).
2
What is the value of 6 - (9 - 0) - (2 - 0)?
-5
Evaluate 14 + -8 + -1 - 10.
-5
What is (3 - 2) + (0 - 3) + 4?
2
Evaluate (3 + -4 - 1) + -3.
-5
-4 - -2 - 0 - -1 - -1
0
What is 6 - 5 - 1 - 1?
-1
What is the value of -15 + 11 + -1 + -1?
-6
What is 24 - 23 - (1 + -9) - 0?
9
0 + -3 + 0 + -1
-4
-6 - (-20 + 14) - 0
0
5 - (-1 - -4) - -3
5
What is 4 + 0 + 0 + -3 + -4?
-3
Calculate 1 - (3 - (-3 - -4) - -2).
-3
What is -1 + -2 - (-3 + 3)?
-3
Calculate 2 + (-5 - (-2 + (2 - 3))).
0
Calculate -1 + 6 + -2 + 0 - -1.
4
What is 24 + -21 - (2 - 0)?
1
What is -3 + (7 - -9) + -4?
9
-8 - (1 + -9 + 6)
-6
What is the value of 19 - 2 - (-53 + 63)?
7
Calculate 7 + (-3 + 2 - 2) - 7.
-3
Calculate 7 + -4 + 5 + -11.
-3
What is the value of 0 - -2 - (-37 + 42)?
-3
Calculate 0 + (1 - 1) - (79 + -81).
2
What is 2 + (2 - 0) + (-10 - -3)?
-3
Evaluate -2 + (-2 - (-1 - 2) - -1).
0
Evaluate -5 - (-8 - -5) - 3.
-5
3 - 9 - (5 + (-11 - -4))
-4
What is the value of -189 + 178 + (1 - -14)?
4
What is 6 - (3 - (4 + -2))?
5
Calculate -7 + (-4 - -12) + -3.
-2
What is 0 - -6 - (100 - 87)?
-7
What is -20 + ((6 - 6) + 9 - 0)?
-11
Calculate 12 - 11 - (5 + 2 + 0).
-6
What is -2 + (-2 - -3 - (-7 - -3))?
3
Evaluate 2 + 6 + -6 + -2 + -1.
-1
What is the value of (2 - (-5 + 8)) + 0?
-1
What is -7 + (1 + -2 - -2) + 2?
-4
What is the value of 11 + 6 + (-3 - 11)?
3
What is -1 - (-4 + (1 - 0) + 6)?
-4
What is 1 - (0 - (-3 + 3) - 3)?
4
Calculate -11 - (-28 + 14) - (2 - 0).
1
Calculate 3 - (6 + -3) - (4 + 1).
-5
What is the value of -5 + -3 + 5 + -2?
-5
Calculate 1 + -7 + 4 + 2.
0
What is the value of -3 + 12 - (30 - 16)?
-5
What is (26 - 20) + (-2 - -1)?
5
What is the value of 0 + 4 + 28 + -34 + -1?
-3
Calculate 3 - (-1 - -2) - (-59 - -52).
9
(13 - 16) + (1 - 0) + -2
-4
What is (-3 + 3 - 3) + -1?
-4
What is -31 + 42 + (2 - 14)?
-1
Evaluate (3 - (3 + 0) - -2) + -6.
-4
Calculate (10 - 7) + -7 + 0.
-4
What is the value of 1 + -5 + 7 + 1?
4
Evaluate -1 - ((0 - -3) + (-5 - -3)).
-2
2 + 0 + -7 + 17 + -7
5
Evaluate (-1 - -6) + -8 + -2.
-5
14 - (2 + -1 + 9)
4
What is the value of -10 + 6 + 3 - -8?
7
What is -6 + 2 + -6 + 18 + -4?
4
-4 - (-1 + -1) - -8
6
Calculate 3 - (-1 + 4 + -2 + -4).
6
Evaluate 0 + 5 + 179 + -189.
-5
What is 0 - (4 + (-8 - -2))?
2
What is the value of -6 - -1 - 4 - (-2 - 2)?
-5
What is 0 + 0 + (-9 + 2 - -3)?
-4
5 + -7 + 6 + -3
1
What is the value of -1 + 3 + (4 - 7)?
-1
What is -29 + 24 - (1 - (0 + 2))?
-4
0 - (3 - 3 - -1 - 0)
-1
(6 - (-3 - -6) - -3) + 0
6
0 + 1 + 1 + -3 + 2
1
What is the value of 0 - 2 - (2 - (7 + 2))?
5
-7 - 9 - (-5 + 2 + -5)
-8
(25 - 26) + 15 + 3 + -8
9
What is the value of 1 + 4 + 2 + -10?
-3
What is -2 + (4 - 1) + 2 - -1?
4
Evaluate -4 - (-6 - -7) - -1.
-4
What is -12 + 17 + -5 - (0 + -2)?
2
Calculate 0 - (-4 - -16 - 19).
7
(2 - (1 + -11)) + -5
7
(-2 - 1) + 7 + -5
-1
What is the value of (-22 - -4) + (-1 - -12)?
-7
What is the value of -3 + 4 + -8 + 4 + -1?
-4
Calculate -3 + (1 - 2) + -3